) = 2*v**3 - 43*v**2 - 15*v - 124. Calculate b(22).
30
Let b(o) = -o**2 + 6*o - 49. Give b(-11).
-236
Let o(k) = 45*k - 282. What is o(5)?
-57
Let d(x) = -41*x**2 + 7*x + 5. Give d(3).
-343
Let l(b) = 79*b**3 - 5*b**2 + 5*b + 9. What is l(-1)?
-80
Let p(r) = -166*r - 11117. Determine p(-67).
5
Let b(q) = 426*q - 51110. What is b(120)?
10
Let d(h) = 2*h**2 + 353*h - 16558. Determine d(-215).
-3
Let g(p) = 10*p**2 + 46*p + 44. Determine g(-1).
8
Let x(c) = 37*c**2 - 559*c - 1. What is x(15)?
-61
Let b(n) = n**2 + 27*n + 128. Determine b(-15).
-52
Let c(u) = -85*u + 483. What is c(5)?
58
Let s(g) = 1467*g + 10273. Give s(-7).
4
Let b(x) = -x**3 - x**2 - 47*x - 321. Give b(-5).
14
Let w(z) = -12*z**2 - 45*z + 13. Give w(-5).
-62
Let a(y) = -y**3 - 2*y**2 + 6*y + 2. What is a(4)?
-70
Let w(z) = 8*z**2 - 8*z - 53. Give w(5).
107
Let p(s) = -3*s**3 - 15*s + 36. Calculate p(2).
-18
Let y(j) = -j**3 + 24*j**2 + 12*j - 2219. What is y(17)?
8
Let o(w) = 2*w**2 + 32*w + 103. Determine o(-7).
-23
Let g(r) = 378*r - 3516. Calculate g(9).
-114
Let r(p) = -p**3 - 8*p**2 - p - 14. Give r(-7).
-56
Let q(c) = c**2 + 67*c - 486. Give q(-70).
-276
Let b(r) = -12*r + 172. Give b(18).
-44
Let s(q) = -q**3 + 12*q**2 - 29. Calculate s(12).
-29
Let q(b) = -175*b - 3157. Calculate q(-18).
-7
Let y(q) = -q**2 - 48*q - 431. Determine y(-33).
64
Let x(d) = -d**3 + 2*d**2 + 21*d - 20. Determine x(5).
10
Let h(q) = 4*q**3 - 96*q**2 - 2*q + 34. Calculate h(24).
-14
Let x(r) = r**3 - 21*r**2 + 84*r - 29. Give x(13).
-289
Let m(b) = 549*b + 2166. Calculate m(-4).
-30
Let w(z) = z**2 - 64*z + 179. Determine w(3).
-4
Let w(v) = 2*v**2 + 77*v + 147. What is w(-44)?
631
Let m(p) = -2*p**2 - 87*p - 749. Give m(-31).
26
Let q(o) = 2*o**3 + 63*o**2 - 163*o + 247. What is q(-34)?
9
Let k(c) = 136*c - 2321. What is k(17)?
-9
Let y(i) = -i**2 - 39*i - 374. Calculate y(-22).
0
Let f(y) = -y**2 - 21*y - 54. Determine f(-14).
44
Let y(p) = -413*p + 6529. Calculate y(16).
-79
Let u(p) = -2*p**2 + 72*p + 318. Calculate u(41).
-92
Let c(f) = 2367*f + 7109. What is c(-3)?
8
Let z(r) = 7*r**2 + 211*r - 174. Calculate z(-31).
12
Let a(g) = -g**3 - 70*g**2 + 286*g - 735. Give a(-74).
5
Let v(m) = m**3 - 82*m**2 - 69*m - 1162. Calculate v(83).
0
Let l(i) = 3*i**2 - 2*i - 10. Determine l(-3).
23
Let s(g) = 30*g - 1586. Determine s(64).
334
Let g(v) = v**3 + 5*v**2 + 3*v - 12. Calculate g(-6).
-66
Let p(h) = h**2 + 33*h - 1122. Give p(-54).
12
Let g(a) = a**3 + 6*a**2 - 14*a - 49. What is g(-6)?
35
Let c(r) = -r**3 + 17*r**2 - r - 20. Determine c(16).
220
Let g(r) = -34*r + 83. Calculate g(2).
15
Let h(w) = 75*w - 6592. What is h(86)?
-142
Let n(z) = -z**2 - 4563*z - 81804. Calculate n(-18).
6
Let f(y) = 3*y**3 - 246*y**2 - y + 80. Give f(82).
-2
Let f(k) = -20*k**2 - 35*k - 36. Give f(-1).
-21
Let n(w) = -w**2 - 125*w - 1436. What is n(-12)?
-80
Let z(c) = -c**2 + 46*c + 2745. Determine z(-38).
-447
Let u(f) = -2*f**3 - 3*f**2 + 156*f + 445. Calculate u(-3).
4
Let q(z) = -z**3 - 7*z**2 + 51*z + 310. Determine q(-9).
13
Let v(d) = -5*d - 44. Calculate v(-10).
6
Let y(o) = o**3 - 18*o**2 - 20*o + 187. Give y(18).
-173
Let u(b) = 6*b**2 - 432*b - 2355. Give u(-5).
-45
Let h(k) = -3*k**3 + 7*k**2 + 40*k + 28. Determine h(-3).
52
Let o(x) = -x**3 - 35*x**2 - 35*x - 86. Determine o(-34).
-52
Let a(c) = -31*c**2 - 25*c - 23. Calculate a(-1).
-29
Let p(o) = 6*o - 736. What is p(0)?
-736
Let z(b) = b**3 - 23*b**2 - 50*b + 190. Determine z(25).
190
Let u(y) = -y**3 + 12*y**2 - 33*y + 19. Give u(10).
-111
Let v(j) = j**3 - 3*j**2 - 15*j + 23. What is v(6)?
41
Let k(d) = 3*d**3 - 9*d**2 - 21*d + 46. What is k(3)?
-17
Let r(b) = 4*b**3 + 192*b**2 + 542*b + 85. Calculate r(-45).
-5
Let b(g) = 3*g**2 - 262*g - 789. What is b(-3)?
24
Let g(s) = -2*s**3 + 61*s**2 + 28*s + 108. Calculate g(31).
15
Let l(n) = -2*n**3 - 17*n**2 + 25*n + 221. What is l(-10)?
271
Let z(d) = 80*d - 106. Give z(7).
454
Let j(b) = -b**2 - 34*b - 303. What is j(-24)?
-63
Let d(a) = -11*a**3 - 3*a**2 - 6*a - 4. Determine d(-2).
84
Let p(w) = -179*w**2 + 182*w + 1. Calculate p(1).
4
Let j(m) = 2264*m + 9051. Calculate j(-4).
-5
Let i(x) = x**2 - 12*x - 109. Determine i(17).
-24
Let n(i) = -i**2 + 33*i + 73. Determine n(28).
213
Let j(l) = -40*l - 958. Calculate j(-24).
2
Let a(y) = -45*y + 1166. Give a(28).
-94
Let m(o) = o**3 + 17*o**2 + 13*o - 348. Calculate m(-14).
58
Let g(r) = 237*r - 133. Give g(-2).
-607
Let z(j) = 2*j**2 - 406*j + 10094. Determine z(174).
2
Let l(z) = 47*z**2 + 986*z - 10. What is l(-21)?
11
Let a(b) = -b**3 + 9*b**2 - 49*b + 89. What is a(3)?
-4
Let i(q) = 122*q + 1932. Calculate i(-16).
-20
Let t(z) = z**3 + 18*z**2 + 9*z - 27. Give t(-17).
109
Let z(p) = 26*p**2 + 8*p + 36. What is z(-2)?
124
Let o(b) = -2950*b + 62. Calculate o(0).
62
Let d(q) = -308*q - 7080. Give d(-23).
4
Let u(w) = -w**2 + 15*w + 21. Calculate u(-2).
-13
Let p(a) = 87*a - 5666. Give p(65).
-11
Let v(f) = -148*f - 300. Calculate v(-6).
588
Let h(c) = 62*c**2 - 112*c - 349. Determine h(-3).
545
Let t(w) = 36*w + 8. Determine t(-1).
-28
Let t(o) = 3688*o - 3727. Calculate t(1).
-39
Let n(k) = 27*k**2 + 2*k - 4. Give n(1).
25
Let q(m) = -4*m**3 + 10*m**2 + 17*m - 2. Calculate q(-2).
36
Let l(h) = -484*h - 25. Determine l(-1).
459
Let n(j) = 21*j - 227. Give n(12).
25
Let h(n) = 5*n**2 + 973*n - 1380. What is h(-196)?
-8
Let y(p) = -19*p - 899. Calculate y(-63).
298
Let d(j) = -13*j**2 - 145*j + 125. Calculate d(-12).
-7
Let b(u) = u**2 + 558*u + 52246. Give b(-119).
5
Let a(d) = 8*d**2 - 1630*d - 11802. Determine a(-7).
0
Let o(w) = -w**3 + 32*w**2 - 23*w + 14. What is o(31)?
262
Let o(i) = -270*i - 8376. Give o(-31).
-6
Let w(v) = 1148*v - 2380. Calculate w(2).
-84
Let t(w) = 92*w + 1927. Give t(-21).
-5
Let z(w) = 193*w + 11192. Calculate z(-58).
-2
Let g(a) = a**2 - 23*a - 594. Calculate g(38).
-24
Let n(r) = r**3 - 17*r**2 - 73*r + 263. Calculate n(20).
3
Let o(m) = m**3 - 6*m**2 - 60*m + 14. What is o(11)?
-41
Let h(w) = -5*w**2 - 128*w - 47. Give h(-25).
28
Let c(j) = 3*j**2 + 178*j + 669. What is c(-4)?
5
Let p(z) = -z**3 - 142*z**2 - 1075*z - 389. Determine p(-134).
13
Let y(r) = -r**2 - 3*r + 245. Give y(-17).
7
Let s(j) = j**2 - 34*j - 794. What is s(-16)?
6
Let g(i) = -i**3 - 8*i**2 + 13*i + 16. What is g(5)?
-244
Let q(s) = -139*s**2 - 28*s + 30. What is q(1)?
-137
Let i(b) = -b**2 + 18*b + 54. Give i(16).
86
Let y(v) = 4*v**3 - 53*v**2 - 178*v + 33. Determine y(16).
1
Let n(q) = 16*q**2 - 724*q + 67. Give n(45).
-113
Let l(z) = -z**2 + 47*z - 24. Determine l(44).
108
Let k(x) = -x**3 + 13*x**2 - 5*x - 18. Give k(13).
-83
Let o(n) = 90*n - 210. What is o(-10)?
-1110
Let f(l) = -l**3 + 81*l**2 - 2*l + 199. What is f(81)?
37
Let t(o) = -2*o**3 + 31*o**2 + 29*o - 212. What is t(16)?
-4
Let i(k) = 4*k**3 + 151*k**2 + 387*k + 27. Calculate i(-35).
-43
Let d(s) = -3*s**2 + 211*s + 2069. Determine d(-10).
-341
Let h(l) = 2*l**2 - 12*l - 155. Determine h(-6).
-11
Let i(w) = 12*w - 7. Determine i(2).
17
Let v(x) = -11*x**3 - 175*x**2 + 19*x + 50. What is v(-16)?
2
Let h(y) = -43*y - 79. Give h(-3).
50
Let y(i) = 155*i**3 - i**2 - i. What is y(-1)?
-155
Let x(g) = 6*g**2 - 162*g + 566. What is x(23)?
14
Let z(m) = 92*m + 31. Give z(-3).
-245
Let c(d) = 10*d + 651. Determine c(-52).
131
Let i(g) = -6*g - 766. Give i(-128).
2
Let q(p) = 4*p**2 - 22*p - 33. Calculate q(12).
279
Let l(m) = 72*m**3 - 3*m**2 - 3*m + 5. What is l(1)?
71
Let p(n) = 51*n - 2302. What is p(45)?
-7
Let w(q) = -q**3 - 45*q**2 - 177*q - 46. Determine w(-41).
487
Let u(h) = -6*h**2 + 128*h - 163. Calculate u(20).
-3
Let h(b) = b**2 - 86*b + 559. What is h(8)?
-65
Let c(b) = 2*b**2 + 33*b + 20. What is c(-16)?
4
Let c(z) = 2*z**3 + 16*z**2 - 37*z - 297. What is c(-8)?
-1
Let i(u) = -8114*u - 16237. What is i(-2)?
-9
Let f(k) = 423*k + 29. Calculate f(-1).
-394
Let c(g) = -2*g**2 - 150*g + 3133. What is c(17)?
5
Let x(h) = -48*h - 240. Determine x(-5).
0
Let l(x) = -96*x - 1346. Give l(-14).
-2
Let q(p) = 60*p**3 - 2*p**2 + 118*p - 245. Calculate q(2).
463
Let w(v) = -95*v**2 - 2*v - 2. Calculate w(-1).
-95
Let n(m) = m**2 - 82*m + 1032. What is n(50)?
-568
Let k(n) = 8*n**2 + 226*n - 28. Give k(-28).
-84
Let r(p) = p**3 + 12*p**2 + 11*p + 7. Determine r(-11).
7
Let p(o) = 